+ -3. What is the units digit of d?
6
Let w(n) = n**3 + 16*n**2 + 15*n - 13. What is the tens digit of w(-11)?
2
Let w(p) be the first derivative of -9*p + 3*p**3 - 2 - 1/4*p**4 - 3*p**2. What is the units digit of w(8)?
7
Let m be (1 - -1)*14/4. Let q = 3 + m. What is the units digit of q?
0
Suppose 7*d - 28 - 70 = 0. What is the units digit of d?
4
Let h = 43 + -10. What is the tens digit of h?
3
Suppose 8*t - 301 = 51. What is the tens digit of t?
4
Suppose -h + 4 + 2 = 0. Let k(r) = -r**2 + 8*r + 2. What is the tens digit of k(h)?
1
Let n be (-6)/(-4) + 15/10. Suppose z - 6 = u + n, -3*z + 33 = -u. What is the units digit of z?
2
Let b be 42 + -1 + (4 - 2). Suppose -4*k + 0*a - a + b = 0, 0 = 2*k + 3*a - 19. What is the tens digit of k?
1
Let d(a) = 3*a - 2. Let p be d(-3). Let t = -7 - p. What is the units digit of t?
4
Let l(x) = 3*x**2 + 2*x - 12. What is the tens digit of l(-11)?
2
Let w(q) = -3*q - 10. Let r be w(-9). Let f = r + -5. What is the tens digit of f?
1
What is the tens digit of 8*(-9)/(-2) + (0 - 1)?
3
Suppose 2*a - 113 = -v, -4*a - a = -4*v - 315. What is the units digit of a?
9
What is the tens digit of (2/4 - 1)*-94?
4
Let m(f) = 4*f. Let z be m(-1). Let a = z + 7. Suppose a*r + 5*i - 15 = 0, -r + 5*i + 0*i + 5 = 0. What is the units digit of r?
5
Suppose -t = -3 - 2. Suppose -9 = -2*d + 3*m, -2*m - 6 = 3*d - t*d. Suppose 3*w - 15 + 3 = d. What is the units digit of w?
4
Suppose 0 = -9*x + 403 + 947. What is the hundreds digit of x?
1
Suppose w = s - 5*s + 321, 385 = 5*s - 2*w. What is the tens digit of s?
7
Suppose t = 3*t - 8. What is the units digit of t?
4
Let q(j) be the third derivative of -j**5/60 - j**4/12 + j**3/3 - 2*j**2. Let d be q(-2). Suppose -d*i + 15 = i. What is the units digit of i?
5
Let n = -25 - -16. Let u(x) = -x**2 - 10*x - 6. What is the units digit of u(n)?
3
Suppose -5*y = -12*y + 7. What is the units digit of y?
1
What is the tens digit of (-97)/(-4) + 85/(-68)?
2
Let w(f) = 3*f**2 + 3*f - 4. What is the tens digit of w(3)?
3
Let n be 0/(3/(-3)*-2). Suppose 10 = k + 3. Suppose j + 0*j - k = n. What is the units digit of j?
7
Suppose -4*s - 4*f + 16 = 0, -4*s + 2*f + 17 = 5*f. Suppose -t + s*t - 16 = 0. Suppose t*p + 0*p - 12 = 0. What is the units digit of p?
3
Let j(l) = l + 0*l + 0*l - 9 - 6. Let c be j(9). What is the units digit of c/7*(-5 - 2)?
6
Let u(c) = -c**3 + 36*c**2 + 7*c - 36. What is the units digit of u(36)?
6
Suppose 2*k = 5*w - 0*k - 538, 0 = 2*w + 3*k - 219. What is the hundreds digit of w?
1
Let n(m) = m**2 - m + 4. Suppose -4 = -2*s + s. What is the units digit of n(s)?
6
Let k be (-8)/(2*(-2)/2). Suppose -183 = -k*d - 55. What is the tens digit of d?
3
Suppose -n + 4*b + 12 = -b, 3*n - 2*b + 3 = 0. What is the tens digit of (-34)/(-3) + 1/n?
1
Let z be 4/(4/(-3)) + 0. Let q be 0 - (1 + 0) - z. Suppose -q*b + 3 = -b. What is the units digit of b?
3
Let l = -20 + 26. What is the units digit of l?
6
Suppose 5*b = 25, 29 = 3*h + 3*b - 1. Suppose -h*u + 61 = -44. What is the tens digit of u?
2
What is the tens digit of (-1 - 4)*(-109)/5?
0
Suppose 0 = 2*z - 4*w + 10, -5*z = -0*z - 5*w. Suppose j - z = -2*b + 8, -5*j - b = -101. What is the units digit of j?
1
Let j(b) = -b**3 - 3*b**2 + 4*b + 4. Let k(o) = -5*o + 1. Let a be k(1). What is the units digit of j(a)?
4
Let j(q) = 40*q - 4. What is the tens digit of j(5)?
9
What is the tens digit of -2 + (-2721)/(-27) + 4/18?
9
Suppose -5*r + 115 = -3*j + j, 0 = -4*j - 20. What is the tens digit of r?
2
Let j = -2 - -4. Suppose -4*v + 18 = -j*v. What is the units digit of v?
9
Let c = 26 - 24. What is the units digit of c?
2
Suppose 0*u + u = 7. Let w = 1 + u. What is the units digit of w?
8
Let p = -7 - -23. What is the tens digit of p?
1
What is the tens digit of -4 - (1*30)/(-1)?
2
Suppose -5*v - 6*r + 15 = -2*r, -4*v = 4*r - 12. Suppose -v + 7 = a. What is the units digit of a?
4
Let k(i) = 5*i**3 - 2*i**2 + 2*i - 1. What is the units digit of k(1)?
4
Let o(q) = -6*q - 2. Suppose -1 = 2*r - r. What is the units digit of o(r)?
4
Suppose -22*f + 1532 + 382 = 0. What is the tens digit of f?
8
Let i(n) = 3*n**2 - 1. Let g be i(-2). Suppose 0 = b - f, 3*b - 5*f + 9 = -1. Suppose -4*d - 5*m + 1 = -0*m, b*d = -3*m + g. What is the units digit of d?
4
Let j be 3/12 + (-213)/(-12). Suppose -4*c + 3*c + 4*d + 10 = 0, c + 3*d = -j. What is the tens digit of 17 + c/((-2)/(-1))?
1
Let o(z) = -z**2 - z - 15. Let k be o(0). Let m be ((-4)/10)/(2/(-20)). Let g = m - k. What is the units digit of g?
9
Let q(o) be the second derivative of o**3/6 + 2*o**2 - o. Let y be q(-4). Suppose -a + 2*a - 9 = y. What is the units digit of a?
9
Suppose 30 = 2*c + 3*c. Suppose 0 = h - 5, c*f + 3*h = f - 15. Let d = f + 18. What is the units digit of d?
2
Let q(f) be the third derivative of f**4/12 + f**3/6 + 2*f**2. Let r be q(2). What is the units digit of r/4 + 6/8?
2
What is the tens digit of 5/20 - (-103)/4?
2
Let f(b) = -b**3 + 10*b**2 - 8*b - 8. Let l = -17 + 25. Let g be f(l). Suppose -5*s - g = -9*s. What is the units digit of s?
4
Let q be (0/2)/(3 - 5). Suppose 4*h - 4 - 4 = q. What is the units digit of h?
2
Let p = -1 - 20. Let w = 30 + p. Let j = w - 3. What is the units digit of j?
6
Let o = -8 + 12. Suppose -o + 15 = 4*q - v, -3*q + v = -7. Let s(f) = -f**3 + 4*f**2 + 2. What is the units digit of s(q)?
2
Suppose -5*o = -2*y + 5, -y = 4*y + 3*o + 3. Suppose y = -3*w + 5*w. Suppose -z + 0*z + 15 = w. What is the tens digit of z?
1
Suppose -3*u = -2*u - 180. What is the tens digit of u?
8
Let y = -25 - -40. Let d = -6 + y. What is the units digit of d?
9
Suppose -4*b = -4*a + 20, 6*b - 5*b + 14 = 4*a. Suppose -15 - 24 = -a*f. What is the units digit of f?
3
Let s(i) = -i**2 + 3*i + 2. Let t be s(4). Let o be 24/(-14)*(-9 - t). What is the units digit of (-38)/(-5) + o/30?
8
Suppose b - 20 = 54. What is the units digit of b?
4
What is the units digit of (-816)/(-14) - ((-99)/21 - -5)?
8
Let g(x) = 4*x - 7. Let j be g(6). Suppose j = -0*m - m. Let y = m + 24. What is the units digit of y?
7
Let z = 55 - 98. Let l = -26 - z. What is the tens digit of l?
1
Suppose -5*g = -8*g - 30. What is the tens digit of (-36)/g*(-45)/(-6)?
2
Let z(g) = 2*g**2 - 4*g - 9. Suppose -2*y - 4*u - 20 = 0, 0 = -5*y - u - 12 - 11. What is the tens digit of z(y)?
3
Suppose 0 = x + 1 + 2. Let s = x + 5. What is the units digit of s?
2
Let u = 1 + 2. Suppose -q + 116 = u*q. What is the tens digit of q?
2
Let s = 283 - 178. What is the tens digit of s?
0
What is the units digit of (1760/12 - 5) + 4/(-6)?
1
Let r(u) = u**3 - u - 2. Let h be r(2). Let b(n) = 3*n - 5. Let m be b(h). Suppose 3*d - 13 = -3*f - 4, m = 2*f + d. What is the units digit of f?
4
Let y be (-38)/(-10) + (-2)/(-10). Let n be 2/y + (-10)/(-4). Suppose n*d + 1 = 10. What is the units digit of d?
3
Suppose -l - 9 = -4*l. Suppose 0*w = 3*w - l*k - 15, -2*k + 39 = 5*w. What is the units digit of w?
7
Let c(j) = -j**3 - 11*j**2 - 13*j. What is the units digit of c(-10)?
0
Suppose 6 = -2*g, 2*l + 0*g - 181 = -3*g. What is the tens digit of l?
9
Let l = 7 - -11. What is the tens digit of l?
1
Suppose 5*s - 5*b = 5, 0 = 3*s - 2*b - 6. Suppose 5*c = -z - 19, -s*z + 3*c + 13 = -3*z. What is the units digit of z?
1
Let g be 6 + 1/(-3 - -2). Suppose -w - 4 = -2*q, g*w + 0*q + 2*q = 16. What is the units digit of w?
2
Let u = -9 + 6. Let c = u + 22. What is the units digit of c?
9
Suppose 5*a + 0*f = 5*f + 575, 127 = a + 5*f. What is the units digit of a?
7
Suppose t + 3*a - 8 = -t, -t = 4*a - 14. What is the units digit of (-708)/(-30) + t/(-5)?
4
Let l(q) = -q**2 + 6*q. Let g be l(5). Suppose -15 - 60 = -g*j. What is the tens digit of j?
1
Suppose -3*k - g + 18 = -27, 55 = 5*k - 5*g. Let q = k - 7. What is the units digit of q?
7
Suppose 2*x - 131 + 17 = 0. What is the units digit of x?
7
What is the tens digit of 310/8 + (-10)/(-40)?
3
What is the units digit of (-274)/(-8) - (-6)/(-24)?
4
Suppose 0*x + 2*x = 3*f + 54, -5*x + 122 = -f. What is the tens digit of x?
2
Let x = -23 + 27. Let n = 1 - -1. Suppose d = -x*v - n, 5*d - 5 = -0*d - 5*v. What is the units digit of d?
2
Let l = -8 + 8. Suppose -5*v - 5*i = l, 2*i - 4*i - 3 = v. What is the units digit of v?
3
Suppose 3*z - 7*z + a + 1101 = 0, -3*a = 2*z - 56